- 1032 - 2001 = -4*v. What is the hundreds digit of v?
7
Let f(s) = s**3 + 5*s**2 + 4. Let x be f(-4). Let j be 1/5 + 76/x. Suppose 2*d + 0*d = 2*w - 14, -17 = j*w + 5*d. What is the units digit of w?
2
Suppose -f + 294 = -3*i, 6 = -2*i - 4. What is the hundreds digit of f?
2
Let i(a) = 2*a**3 - 17*a**2 + 6*a + 111. What is the tens digit of i(11)?
8
Let g(r) = -13*r + 24. Let x be 126/(-15) - 6/(-15). What is the tens digit of g(x)?
2
Let o(f) = 3*f**3 - 6*f**2 + 12*f - 119. What is the units digit of o(6)?
5
Suppose 0 = 4*k - 0*k. Let u(q) = q**2 + 6*q + 9. Let w be u(-8). Let d = w - k. What is the tens digit of d?
2
Suppose -140 + 1250 = -5*h. Let x be h/18 - (-1)/3. What is the units digit of (-4 + 3)*3 - x?
9
Suppose 2*q + 5 = -a + 42, -a - 4*q = -33. Let j = a + -38. Suppose 30 = 3*t - j*i, -7*t + 50 = -2*t + 4*i. What is the tens digit of t?
1
Suppose 0 = -6*s + 2778 + 234. What is the tens digit of s?
0
Let d(v) = -v**3 - 5*v**2 + 7*v + 8. Let t be d(-6). Let p be 22 - -6*1/t. Suppose -h = 2*w - p, h + 6*w - 2*w - 27 = 0. What is the units digit of h?
3
Suppose -3560 = -5*z + 5*f, -5*z - 533 = 4*f - 4111. What is the units digit of z?
4
Let s(h) = -h**3 + 6*h**2 - 5*h + 1. Let n be s(5). Let l(t) = -4*t - 3. Let o(k) = k + 1. Let y(z) = -2*l(z) - 6*o(z). What is the units digit of y(n)?
2
Suppose -p + 571 = 4*q, p = -6*q + 5*q + 139. What is the units digit of q?
4
Let s(x) = 72*x - 2. Let g(c) = -73*c + 2. Let y(q) = -6*g(q) - 7*s(q). What is the hundreds digit of y(-2)?
1
Let r(x) = x**2 - 4*x + 3. Let i be r(4). Suppose 90*b - 19*b = 213. Suppose 3*d - 15 = i*c, -5*c - 9 = -b*d - 4. What is the tens digit of d?
1
Let r(s) = 2*s + 12. Let i be (-20)/(-6) + 8/12. Suppose m = -4*l + 7 + 1, i*m - 2*l = -4. What is the units digit of r(m)?
2
Suppose -22 = -i - 5*x, -3*i - 4*x - 5 = -38. Let q = i + -5. Suppose -52 = -4*m + q*m + 5*d, -4*m + 2*d = -120. What is the tens digit of m?
3
Suppose z - 5*o = -0*z - 6, -5*z + 5*o = -10. Suppose 7 + 1 = z*x. What is the units digit of x?
2
Let j = 56 + 228. Suppose -3*y + 743 = j. What is the hundreds digit of y?
1
Let d = -1 + 3. Suppose 0*w + d*w - 11 = k, 0 = -5*w - 5*k + 5. Suppose 4*h - w*g - 156 = 0, 5*g = -16 - 4. What is the units digit of h?
5
Let u(v) = 33*v**2 + 18*v - 9. What is the tens digit of u(-4)?
4
Suppose 0 = -4*l + 3*n + 19108, 11*l - 4*n + 9576 = 13*l. What is the thousands digit of l?
4
Suppose -28 = -0*o - 4*o. Suppose 2*m + 10 = o*m. Suppose 0 = m*y - 72 - 34. What is the tens digit of y?
5
Let q(o) = -2*o**2 + 5*o - 1. Let x be q(-6). Let h = 150 + x. What is the tens digit of h?
4
Let w be (-2540)/(-75) + 2/15. Suppose -4*x + w = 3*c - 7, -2*x = 3*c - 25. Suppose -m + 5 + x = 0. What is the units digit of m?
3
Let t = 208 - 32. What is the tens digit of 30/4*t/20?
6
Suppose 3*z - 13*z = -1120. Let r = z - 57. What is the tens digit of r?
5
Suppose 0 = -8*o + 4394 - 3922. What is the units digit of o?
9
Let r(b) = 38*b - 2. Let q be r(-6). Let f = -158 - q. What is the tens digit of f?
7
Let u(o) be the third derivative of 3*o**4/8 + o**3/3 + o**2. Suppose 2*n = -3*q - 4, 7*n + 16 = 3*q + 5*n. What is the tens digit of u(q)?
2
Let g be 1/4*2*(11 + -5). Suppose 5*f = w - 89, g*f = -4*w + 30 + 326. What is the units digit of w?
9
Let o(l) = 27*l - 14*l + 18 - 3*l. What is the units digit of o(5)?
8
Suppose -5*f + 5*i + 891 = 286, 0 = 3*i. Suppose -7*d - 216 = -2*y - 2*d, 0 = -y - 4*d + f. Let g = -54 + y. What is the units digit of g?
9
Let t = 148 - 144. Suppose -t*k - 2080 = -24*k. What is the tens digit of k?
0
Let j = -39 + 75. Suppose 4*g + j = 4*p, -17 = -3*p - 4*g + 5*g. What is the units digit of p?
4
Let q(m) be the first derivative of 2*m**3 + 1/4*m**4 - m - 4*m**2 + 4. What is the units digit of q(-6)?
7
Let i be 94/3 + 8/(-6). Let c = i - 46. What is the units digit of 32*(-4)/c*2?
6
Let u = 1921 - 707. What is the tens digit of u?
1
Suppose 0 = 2*x - 8, -a = a + 4*x + 34. Let l(b) = -b**2 - 30*b - 46. What is the tens digit of l(a)?
7
Suppose 0 = -4*t - 3 + 7. Let r(g) = -g. Let q(b) = 10*b - 1. Let j(l) = t*q(l) - 4*r(l). What is the units digit of j(1)?
3
Suppose 15*q + 3672 = 19*q. What is the hundreds digit of q?
9
Suppose 28*b - 36*b + 19496 = 0. What is the tens digit of b?
3
Let a(j) = -4*j - 10. Let h(k) = 7*k - 2. Let b = -11 - -10. Let w be h(b). What is the tens digit of a(w)?
2
Suppose 11*n = -5*z + 9*n + 1143, -2*n - 1147 = -5*z. What is the tens digit of z?
2
Suppose 11458 = 4*x + 3*a, -17*x + a = -12*x - 14313. What is the tens digit of x?
6
Suppose 0 = 26*w - 30*w - 644. Let m = w - -266. What is the hundreds digit of m?
1
Let h(c) = 136*c**2 - 5*c - 14. What is the hundreds digit of h(-3)?
2
Let b(s) = -s**3 - s**2 + s + 7. Let c be b(0). Suppose -2*m = -29 + c. Let t = 28 - m. What is the tens digit of t?
1
Let f(b) be the third derivative of b**4/24 - b**3/3 - 3*b**2. Let y be f(2). What is the units digit of 11 + (-5 - -4 - y)?
0
Suppose 0 = 2*d - 2*u - 12, d - 4*u = -2*d + 18. Suppose 2*v - 2*f - d = 0, -3*v + f + 8 + 1 = 0. What is the tens digit of -2 + (v + 26 - 1)?
2
Suppose -6275 = -127*x + 122*x. What is the hundreds digit of x?
2
Suppose 5*t + 4*y = 3402, -t + y - 172 = -856. What is the units digit of t?
2
Let g be 2117/4 - (-6)/8. Suppose g = 22*c - 17*c. What is the hundreds digit of c?
1
What is the tens digit of 44/33*1926/4?
4
Let y(s) = 12*s**3 - s**2 + 3*s - 3. Let i be y(2). Let k = -49 + i. What is the units digit of k?
6
Let i = 43 - 36. Suppose 0 = -i*v + v - 36. Let q(c) = 2*c**2 + 6*c + 7. What is the tens digit of q(v)?
4
Let i = 47 - 20. Let o = 1 + i. What is the units digit of o?
8
Suppose 0*v = 5*v - 200. Let j = -6 + v. What is the tens digit of j?
3
Suppose -4*c - 16 = 0, 3*v - c = -2*v + 2519. Suppose 4*h - v = 5*s, -s = -4*h + 2*h + 259. What is the units digit of h?
2
Let p = -1114 - -2102. What is the hundreds digit of p?
9
Let o be ((-32)/(-20))/((-12)/(-30)). What is the units digit of -2 + (3 - o) - -66?
3
Let j = -17 + 42. Suppose 0 = -d - j + 1. What is the units digit of (28/3)/((-4)/d)?
6
What is the tens digit of (1444/6)/(92/414)?
8
Suppose -8*j + 10*j = 4*i + 11706, -j = 4*i - 5853. What is the units digit of j?
3
Suppose 4*a + 4*l - 5812 = 0, -4*a = -8*a + 5*l + 5803. What is the units digit of a?
2
Suppose -93*f = -98*f + 60. Suppose -f*j + 196 = -8*j. What is the units digit of j?
9
Suppose -6*l - 248 = -1556. What is the units digit of l?
8
Let m(j) = -j**2 - 21*j - 9. Suppose -5*o = -2*d - 12, 5*d + 4*o + 18 = -45. What is the tens digit of m(d)?
0
Let v = -556 + 880. What is the tens digit of v?
2
Let a be 24/6 + -114 + 1. Let u = a - -262. Let t = u - 94. What is the tens digit of t?
5
Let r(q) = 6*q**2 - 5*q + 5. What is the tens digit of r(8)?
4
Let a(x) = 102*x**2 + 9*x + 35. What is the hundreds digit of a(-3)?
9
Let k be (4/2)/((-4)/(-26)). What is the tens digit of (-90)/(-4) + k/26?
2
Let t(i) = 13*i**2 + 2*i - 1. Let q = -21 + 19. What is the units digit of t(q)?
7
Let x = 220 - 204. What is the tens digit of x?
1
Suppose 5*q - 6 = 3*q. Let t(l) = 2*l**3 - q + 4*l**3 - 10*l - 2*l**3 - 3*l**3 + 7*l**2. What is the tens digit of t(-8)?
1
Let s = -67 - -54. Let h = s - -63. What is the units digit of h?
0
Suppose 3*o - 16 = -4. Let m(d) = 5*d**2 - 5*d + 3. What is the units digit of m(o)?
3
Let l(b) = 4*b**3 - 12*b**2 + 28*b - 13. What is the units digit of l(6)?
7
Let r(x) = 416*x - 137. What is the hundreds digit of r(8)?
1
Let q = -14 + 28. Let h = 14 - q. What is the units digit of (h - -3) + 0 + 54?
7
Let f = 184 - 85. What is the units digit of f?
9
Suppose 0 = -12*a - 2452 + 472. Let x = a - -349. What is the units digit of x?
4
What is the hundreds digit of (462/(-18))/(4 + 425/(-105))?
5
Suppose -3*k + 238 = -41. What is the units digit of 0 - (-4 - (4 + k))?
1
Let z = 111 + -151. What is the units digit of (90/z)/((-1)/52)?
7
Let j(l) = 3*l**2 - 4*l - 30. What is the tens digit of j(-4)?
3
Suppose 4*h - 2*n = 2274, 3*h + 1040 - 2741 = 3*n. What is the hundreds digit of h?
5
Suppose -3*x = -7*x. Let g(m) = 11*m - 31. Let o be g(3). Suppose -o*q = 2*i - 130, -i + x*q = -3*q - 69. What is the units digit of i?
6
Let z(t) = -t**3 - 12*t**2 - t - 17. Let p be z(-12). Let b(a) 